mon factor of 143 and 1297868?
143
What is the highest common factor of 82076 and 136?
68
What is the highest common divisor of 3776620 and 20?
20
Calculate the highest common divisor of 8 and 26518.
2
What is the greatest common factor of 572 and 3317743?
143
Calculate the highest common factor of 806 and 174034.
62
What is the highest common factor of 256 and 688?
16
Calculate the greatest common factor of 2953452 and 48.
12
What is the greatest common divisor of 6457 and 80419?
587
What is the greatest common factor of 77 and 99011?
11
What is the greatest common factor of 42 and 9590?
14
What is the highest common factor of 511 and 4039?
7
Calculate the highest common factor of 4 and 233529.
1
Calculate the greatest common factor of 142419 and 2349.
87
What is the highest common factor of 426 and 12993?
213
What is the highest common factor of 1044 and 4716?
36
Calculate the greatest common factor of 3304 and 251812.
236
Calculate the greatest common divisor of 3 and 362220.
3
What is the greatest common divisor of 1316 and 46228?
28
What is the highest common factor of 2576 and 26096?
112
What is the greatest common divisor of 3928 and 3872?
8
What is the highest common divisor of 16401 and 355?
71
Calculate the greatest common factor of 6646 and 8.
2
What is the highest common divisor of 572 and 3641?
11
Calculate the highest common divisor of 13939 and 31823.
263
Calculate the greatest common divisor of 147565 and 55.
55
Calculate the highest common factor of 19462 and 3419.
263
Calculate the highest common divisor of 255 and 31535.
85
What is the greatest common divisor of 10561392 and 426?
426
Calculate the highest common divisor of 24 and 224696.
8
Calculate the highest common divisor of 3444 and 110040.
84
What is the greatest common divisor of 774814 and 248?
62
Calculate the highest common factor of 29185 and 260.
65
Calculate the greatest common factor of 391 and 5770769.
391
What is the highest common factor of 9 and 368343?
9
Calculate the greatest common divisor of 2055 and 19410.
15
Calculate the greatest common divisor of 145 and 44950.
145
What is the highest common divisor of 62051 and 539?
11
What is the highest common divisor of 568769 and 187?
17
What is the highest common divisor of 195 and 2200965?
195
What is the greatest common factor of 811431 and 4059?
369
What is the greatest common factor of 2930 and 1090?
10
Calculate the highest common factor of 3977 and 19788.
97
What is the highest common divisor of 29 and 16327?
29
What is the highest common factor of 120160 and 2160?
80
Calculate the highest common factor of 817 and 24491.
19
What is the highest common factor of 4000 and 18875?
125
What is the greatest common factor of 37417 and 5053?
31
Calculate the greatest common divisor of 448266 and 84.
42
Calculate the highest common factor of 172 and 2452.
4
Calculate the highest common divisor of 998 and 119261.
499
Calculate the greatest common factor of 16755 and 120.
15
What is the highest common factor of 150 and 4085175?
75
Calculate the highest common divisor of 37 and 293299.
37
Calculate the highest common factor of 2680 and 2030.
10
What is the greatest common divisor of 303718 and 3982?
362
What is the greatest common factor of 423 and 41733?
9
Calculate the greatest common factor of 141491 and 67609.
697
Calculate the highest common divisor of 145152 and 14175.
567
What is the highest common divisor of 192429 and 24?
3
Calculate the greatest common divisor of 94 and 208774.
94
What is the highest common divisor of 3133 and 2169?
241
Calculate the highest common divisor of 369 and 1366038.
369
Calculate the highest common factor of 21810005 and 665.
665
What is the greatest common divisor of 38 and 4484?
38
Calculate the greatest common divisor of 30 and 54255.
15
Calculate the highest common factor of 1070 and 79822.
214
What is the greatest common factor of 4023 and 51?
3
Calculate the greatest common factor of 4473 and 133977.
213
Calculate the greatest common divisor of 96 and 28352.
32
Calculate the greatest common factor of 567977 and 1059.
353
What is the highest common divisor of 121223 and 482?
241
What is the greatest common factor of 1400 and 8960?
280
What is the highest common factor of 111131 and 38?
19
What is the highest common factor of 2561 and 131399?
197
What is the greatest common factor of 10 and 238495?
5
What is the greatest common divisor of 8610 and 30?
30
Calculate the highest common factor of 19 and 106837.
19
Calculate the greatest common factor of 265284 and 180.
36
Calculate the greatest common divisor of 638 and 139403.
319
What is the highest common factor of 38 and 61522?
38
Calculate the greatest common factor of 149430 and 510.
510
What is the greatest common factor of 29896 and 505?
101
What is the greatest common divisor of 74601 and 307?
307
What is the greatest common factor of 1380 and 20550?
30
Calculate the greatest common factor of 1818 and 6354.
18
What is the greatest common factor of 172062 and 632?
158
Calculate the highest common divisor of 595 and 2240.
35
Calculate the greatest common divisor of 2544975 and 9.
9
What is the highest common divisor of 42 and 2241?
3
Calculate the greatest common divisor of 109062 and 73.
73
What is the greatest common divisor of 112402 and 2236?
86
Calculate the highest common factor of 127 and 4702937.
127
Calculate the highest common factor of 880 and 35920.
80
What is the greatest common divisor of 116 and 124324?
4
Calculate the highest common divisor of 13 and 678548.
13
Calculate the greatest common divisor of 747 and 3080379.
249
Calculate the greatest common divisor of 46890 and 72.
18
What is the highest common divisor of 36 and 2483?
1
What is the highest common divisor of 188 and 3337?
47
Calculate the highest common divisor of 2993 and 252653.
73
What is the highest common factor of 192 and 80016?
48
What is the highest common factor of 530 and 1348744?
106
What is the highest common factor of 710 and 108140?
10
What is the highest common factor of 142821 and 126?
63
Calculate the greatest common divisor of 206932 and 220.
44
What is the greatest common factor of 178 and 323248?
178
What is the greatest common factor of 609436 and 604?
604
What is the highest common divisor of 124 and 675397?
31
Calculate the greatest common divisor of 2072 and 1736.
56
What is the greatest common factor of 424 and 575951?
53
Calculate the highest common divisor of 810 and 6306.
6
What is the greatest common factor of 1860822 and 1368?
342
Calculate the greatest common factor of 504 and 20097.
63
Calculate the greatest common factor of 1032 and 1523748.
516
What is the greatest common factor of 10622 and 470?
94
Calculate the highest common divisor of 8712 and 2937.
33
What is the greatest common divisor of 6246 and 72?
18
What is the highest common divisor of 9248 and 4184?
8
Calculate the greatest common factor of 334 and 14.
2
Calculate the greatest common divisor of 343395 and 260.
65
Calculate the highest common divisor of 110 and 37895.
55
Calculate the highest common divisor of 81757 and 65.
13
What is the highest common factor of 9924 and 2868?
12
What is the highest common divisor of 852 and 314956?
284
What is the highest common divisor of 2298525 and 2565?
285
Calculate the highest common divisor of 18 and 65412.
18
What is the greatest common factor of 20 and 771220?
20
What is the highest common factor of 95 and 109003?
19
What is the highest common divisor of 484 and 198?
22
Calculate the highest common divisor of 5372 and 14076.
68
What is the greatest common divisor of 7961 and 304?
19
Calculate the highest common factor of 147 and 10444.
7
Calculate the greatest common factor of 153 and 1959471.
153
What is the highest common divisor of 97430 and 20?
10
What is the greatest common divisor of 2432 and 10?
2
What is the greatest common divisor of 119493 and 19431?
153
Calculate the highest common divisor of 333 and 22023.
9
What is the greatest common factor of 277346 and 202?
202
Calculate the highest common factor of 238 and 845852.
238
Calculate the highest common factor of 226846 and 505.
101
Calculate the greatest common factor of 70 and 94738.
14
Calculate the greatest common divisor of 1269 and 197100